Suppose 4*c = -0*c + i, 0 = -5*k + 4*c - 10. Is ((-1)/k)/((-6)/12684) a composite number?
True
Let g(h) = 3*h**2 + 3*h. Suppose -11*m - 5 = 17. Let r be g(m). Suppose 3*f = -5*s + 964, -f - 784 = -4*s - r. Is s a prime number?
False
Is ((-2)/8)/((245/2480492)/(-35)) prime?
True
Let w(z) = 59*z**3 + 4*z**2 - 3*z - 10. Let v be w(-3). Let o = v + 2699. Is o a composite number?
True
Suppose 3*o - 32 = -14, 2*f - 3*o - 135188 = 0. Is f prime?
False
Let c(y) = y + 30. Let d be c(-23). Let b(k) = 122*k + 53. Is b(d) composite?
False
Is ((-3075113)/51 - 20)*-3*1 composite?
False
Let y be ((-634)/(-3))/((-20)/(-120)). Suppose 0 = 3*p - 2*m, p - 2*m - 11 = -5*m. Suppose 0 = v + s + p*s - 1278, -v - 5*s = -y. Is v prime?
False
Suppose 8*a - 14*a = -13752. Suppose 4821 = 3*x - a. Is x composite?
False
Suppose -3*y - 21 = -4*b + 2*b, 5*b - 3*y - 30 = 0. Suppose 5*l + 3*o - 6*o = 11867, -4*l + 9496 = -b*o. Is l prime?
True
Suppose 3*x + 5442 = 3*b, 4*b + 4*x = x + 7221. Suppose 0 = -j - 2*h + 1159, 3*j - b - 1684 = 2*h. Is j a prime number?
True
Suppose -9*c + s = -12*c - 50795, -5*c + 3*s = 84663. Let k = c - -30311. Is k a composite number?
True
Is (-179786660)/870*3/(-2) a prime number?
True
Let q(p) = 111*p - 32. Let f = -44 + 38. Let b be 4/f + 1 + (-702)/(-81). Is q(b) prime?
True
Let k(n) = n**3 + 12*n**2 + 16*n + 4. Suppose 5*t - 55 = v, 2*v - 22 = t - 3*t. Is k(t) a composite number?
False
Let c = 8212 - 18559. Let m = 22496 + c. Is m prime?
True
Suppose -2 = 2*f, 5*s + 4*f = 9*f + 301050. Is s a composite number?
False
Suppose 5*z - 2*z = 3*b - 60, 4*b + 4*z - 80 = 0. Suppose -2*d + 4936 = -2*c - 0*c, -5*c - b = 0. Let l = 3546 - d. Is l composite?
True
Suppose -34*s = 49599 - 793213. Is s a prime number?
True
Suppose 0 = 5*r - 5*g - 344285, 447*g - 444*g - 18 = 0. Is r composite?
False
Suppose 34*r - 27*r = -21. Let v be 0/(3 - (-12)/r). Suppose -22*m + 29*m - 91 = v. Is m a prime number?
True
Let x = 88849 + -43970. Is x a composite number?
False
Let t = 125 + -122. Suppose -t*c = 13 + 5. Is (-838)/(-4) + 3/c prime?
False
Suppose -j + 1270354 = 3*m, -4*m + 1693801 = 268*j - 271*j. Is m a prime number?
False
Let j(k) = -k**2 + k + 44. Let t be j(7). Suppose 16 = 4*i, -t*g - 9062 = -4*g + 2*i. Is g a prime number?
False
Let o(j) be the first derivative of 964*j**3/3 - 5*j**2 + 43*j - 106. Is o(3) composite?
False
Suppose -2*h - 30 = 4*h. Is 11428/(-16)*(h - (0 - 1)) a composite number?
False
Let l(u) = u**2 - 1. Let a be l(0). Let z be a*(-2 - 2) - 2. Is (344/16)/(z/12) a prime number?
False
Let u(k) = -12452*k**3 + 6*k**2 + k + 3. Let x(m) = 24903*m**3 - 11*m**2 - 2*m - 5. Let j(d) = -5*u(d) - 3*x(d). Is j(-1) a composite number?
False
Let n = 185951 - 101928. Is n composite?
True
Suppose 2*n = 4*u + 7*n - 27947, -10*u + 69839 = 3*n. Is u prime?
True
Suppose -5*s + 203*g + 5558 = 202*g, 4*s + g = 4441. Is s composite?
True
Suppose 69 = 2*v - 5. Let i = 446 + v. Suppose 0 = -5*z - 4*w + 773, z + 4*w = 4*z - i. Is z composite?
False
Let y be 70/21*78/5. Suppose 65 = -7*v + 2*v + 2*x, 4*v + y = 4*x. Let t(h) = -h**3 - 11*h**2 + 14*h + 11. Is t(v) composite?
False
Let g(q) = -47*q**3 - 2*q**2 + 7. Suppose -119*f - 6 = -117*f. Let y be g(f). Suppose 6*b = -388 + y. Is b prime?
False
Let z be (-12)/(-16) - (-520)/160. Suppose -3*h = -4675 - 5213. Is (h/6 + -1 + z)*3 prime?
True
Let t = 10839 + -9668. Is t prime?
True
Let l be (-41)/(-13) - (-7)/((-91)/2). Suppose l*c = -3*r + 10341, c - 4378 = -2*r - 936. Suppose 5*q = q + c. Is q a prime number?
True
Suppose -4134041 = -5*f + 4*p, 4*f - 5073760 = -5*p - 1766478. Is f a composite number?
True
Let v = 253898 - -269841. Is v prime?
False
Let z be ((-9)/6 - -1) + (-2656)/(-64). Suppose -40*m = -z*m + 5459. Is m a prime number?
False
Is (0 - -2)*-1319399*4/(4 - 12) composite?
False
Let v(l) = -l**3 - 25*l**2 + 18*l - 131. Suppose -19*w - 775 = 6*w. Is v(w) prime?
True
Suppose -5*f - 4*x = -x + 5285, 0 = -5*x - 25. Let g be (-2 - -4)*(-44413)/46. Let d = f - g. Is d a composite number?
False
Suppose 0 = 19*v - 20*v + 5. Suppose 8*y - v*z = 6*y + 2305, y - 1145 = 4*z. Is y a composite number?
True
Let s(m) = 3*m - 79 - 133*m + 86*m - 170*m. Is s(-8) a composite number?
True
Suppose -a + 13*a - 36 = 0. Suppose 43144 = 2*v - 5*n, -a*v - v = -3*n - 86302. Is v a prime number?
True
Let k(a) = 34668*a**2 + 5*a - 6. Let i(l) = 138673*l**2 + 19*l - 24. Let o(x) = -2*i(x) + 9*k(x). Is o(1) composite?
False
Suppose -8*t - 32 = -0*t. Let v be (t/(-8))/((-1)/12). Is (-2672)/v + 18/27 a prime number?
False
Let c = -2516 + 1447. Suppose -j = 852 - 141. Let u = j - c. Is u prime?
False
Suppose 0 = t - 2*t + 64. Let n = t - 58. Is ((-3)/n)/((-1)/2966) composite?
False
Suppose 1805800 = 5*k + 5*t, -t - 1444635 = -0*k - 4*k. Is k prime?
True
Let g(h) = 101*h**2 - 6*h + 27. Let t be g(5). Suppose -j = -2789 - t. Is j a prime number?
False
Suppose 0 = 2*w - 41 - 3. Let v be (-5)/(-20) + w/8. Suppose 5*d = v*b - 1257 - 789, -3*b + 2043 = -4*d. Is b prime?
True
Let y = -106 + 82. Is ((-287)/(-4))/((-6)/y) a composite number?
True
Let a(l) be the second derivative of -l**3/3 - 7*l**2/2 - 33*l. Let j be a(-9). Suppose 4*n = 0, -n = -j*x + 6*x + 6965. Is x prime?
False
Let l(h) = h**3 + 11*h**2 + 12*h - 18. Let d be l(-10). Let i = -33 - d. Is 2188/i + 39/(-65) a composite number?
True
Suppose -3*w + 5*v = -269212, -4018*w + 2*v = -4023*w + 448635. Is w prime?
False
Suppose -19*h = -28*h - 27. Is ((-340655)/60 - 3/4)*h prime?
False
Is 354914/1 + (-7 + (-175)/(-28))*4 a composite number?
False
Let j = 224 + -232. Is 363 + j/40*5 prime?
False
Let v(l) = -l**3 + l**2 + 4*l + 2. Let q be v(-1). Suppose -253*s + 257*s - 43572 = q. Is s a composite number?
True
Let v(m) = 488*m**2 + 18*m + 1221. Is v(-34) a prime number?
False
Suppose -15 = n + 3*l, -5*l - 21 - 4 = 2*n. Suppose 7*c + 12*c - 9329 = n. Is c composite?
False
Let f be 2/((-50)/(-15))*5. Suppose -4*l + 4333 = 3*z, l = -f*z + 500 + 590. Is l prime?
False
Let t = -7229 - -13866. Let u = 790 + t. Is u prime?
False
Let m be (-4 + 2)/((-2)/(-13)). Let c be (31 + -7 + 4)/2. Is 4670/2*(c + m) a composite number?
True
Let r(s) = -s**2 + 18. Let l be r(6). Let i be 18 + -22 - l/2. Suppose 239 = i*d - 816. Is d a prime number?
True
Let u = 276849 - -983050. Is u prime?
True
Suppose t = -3*m + 155163 + 61409, 3*m = -5*t + 216556. Let g = m - -9701. Is g a composite number?
True
Let p = 445 - -10. Let t = p - -98. Is t a prime number?
False
Let x(f) = 5829*f**2 + f + 31. Is x(-3) a composite number?
False
Let b = 56684 + -38857. Is b a prime number?
True
Suppose 2*q + 7 = -w - 2*w, 2*w + 1 = -q. Let g(j) = -324*j + 96. Let d(v) = -65*v + 19. Let t(p) = q*d(p) + 2*g(p). Is t(4) prime?
True
Let u = 328 + -334. Is ((-131465)/10 + u)*(-6)/5 prime?
False
Let s be 2/(-7) + -1*1000/28. Let l be 1 + 18/(-14) - s/(-21). Is (-1)/l*(6368/(-4))/(-4) a composite number?
False
Is ((-1)/(-5))/((-239)/(-53044855)) composite?
False
Suppose 7*o = -3*o - 2*o. Suppose 0 = 2*x - 5*t - 19, o = 4*x + x + 2*t + 25. Is (301 - 6) + (x - (2 - 3)) a prime number?
True
Suppose -3*l - 2*r = 134 + 15, 3*l + 151 = -4*r. Let m = 20 - l. Is m prime?
False
Suppose -4*v = 5*n - 3718, 4*n + 2*v - 2280 = 692. Let b = n - -739. Is b prime?
True
Let j = 895195 + -330434. Is j composite?
False
Let l = -139422 - -361592. Suppose -12*u + l = 31718. Is u a prime number?
False
Suppose -9*i = 48616 - 406618. Is i composite?
True
Let u be (-2)/(-6)*(-20 - (21 + -26)). Let o(x) = 34*x - 15. Let h(m) = -35*m + 16. Let d(j) = -6*h(j) - 7*o(j). Is d(u) composite?
False
Let l(r) = -r**3 - 12*r**2 - 11*r + 2. Let b be l(-11). Suppose -o - 18318 = -b*g, -3*g = -3*o - 6854 - 20623. Suppose 7*u = g + 4680. Is u a prime number?
False
Let k = -171 - -131. Is (-15)/(-25) - 349696/k a prime number?
False
Let y be (41922/8 - -2)/(14/56). Suppose -p = 3*b - y, -b + 4*b + 4*p = 20957. Suppose 3*u + 3*w = 4194, 7*u - 2*u + 4*w = b. Is u a prime number?
True
Suppose 9*l + 54 = 0, -m + 1238 + 36439 = 5*l. Is m a composite number?
True
Let o = 682 - 684. Is (3360 + o + -5)*1 a composite number?
True
Is (-15)/(-60)*(-20 + -2)*-1*60218 a composite number?
True
Suppose -5*c - 14 = -4*c. Let m = 23 + c. Suppose -1434 = -m*x + 3*x. Is x a composite num